common divisor of 2170 and 510.
10
Calculate the highest common divisor of 1075 and 114.
1
What is the highest common divisor of 822606 and 3834?
426
Calculate the greatest common factor of 11506 and 22.
22
Calculate the highest common factor of 878 and 4.
2
Calculate the greatest common divisor of 348 and 1511190.
174
What is the highest common divisor of 6760121 and 123?
41
What is the greatest common divisor of 3 and 24891?
3
What is the highest common divisor of 204 and 68306?
34
Calculate the greatest common factor of 462 and 13314.
42
What is the highest common factor of 681066 and 314?
314
What is the highest common factor of 354 and 44046?
6
Calculate the highest common factor of 1254 and 1368.
114
Calculate the highest common divisor of 587 and 307001.
587
Calculate the highest common divisor of 1125 and 17170.
5
Calculate the highest common factor of 8 and 361016.
8
What is the highest common divisor of 54961 and 272?
17
What is the greatest common factor of 698 and 509191?
349
Calculate the greatest common factor of 2396 and 43727.
599
Calculate the highest common divisor of 49 and 4367272.
49
Calculate the highest common factor of 52225 and 75.
25
What is the highest common divisor of 357 and 9303?
21
Calculate the highest common divisor of 304 and 180652.
76
What is the greatest common factor of 102 and 1131112?
34
Calculate the highest common divisor of 1356517 and 46.
23
Calculate the greatest common divisor of 62732 and 64.
4
What is the highest common divisor of 512 and 4352?
256
Calculate the highest common divisor of 3795 and 58305.
345
What is the greatest common divisor of 253 and 1870?
11
What is the highest common factor of 3000 and 260?
20
Calculate the highest common factor of 352 and 700216.
88
Calculate the greatest common factor of 51956 and 372.
124
Calculate the highest common factor of 33 and 29359.
11
What is the highest common divisor of 23 and 8317?
1
Calculate the highest common factor of 2424 and 3456.
24
Calculate the highest common divisor of 3399 and 12.
3
What is the greatest common factor of 2533 and 127991?
149
Calculate the highest common factor of 5328 and 109890.
666
Calculate the highest common divisor of 8 and 13510.
2
What is the highest common divisor of 814 and 25784?
22
What is the highest common factor of 6500 and 1425?
25
Calculate the greatest common factor of 6773109 and 23.
23
What is the greatest common divisor of 9 and 314964?
9
Calculate the highest common divisor of 2 and 45021.
1
What is the highest common divisor of 26 and 351793?
13
What is the greatest common factor of 7375 and 531?
59
Calculate the highest common factor of 1767 and 316014.
93
What is the highest common divisor of 369717 and 3?
3
What is the highest common divisor of 138 and 231058?
46
What is the highest common factor of 499047 and 3?
3
What is the greatest common divisor of 26 and 42965?
13
Calculate the highest common divisor of 1018479 and 154.
77
Calculate the greatest common factor of 151 and 7.
1
What is the greatest common factor of 1640 and 38868?
164
What is the highest common factor of 877608 and 1377?
459
Calculate the greatest common factor of 18 and 238824.
18
What is the greatest common factor of 41223 and 1365?
273
Calculate the highest common factor of 260 and 2209870.
130
Calculate the greatest common factor of 2312 and 6152.
8
Calculate the highest common factor of 4124551 and 359.
359
Calculate the greatest common factor of 204 and 333948.
204
Calculate the greatest common factor of 16864 and 1612.
124
Calculate the greatest common factor of 862465 and 543.
181
Calculate the highest common factor of 46 and 1596913.
23
Calculate the highest common divisor of 117660 and 930.
30
What is the greatest common divisor of 46 and 184552?
46
Calculate the greatest common factor of 105150 and 42.
6
Calculate the highest common divisor of 836680 and 520.
520
What is the greatest common divisor of 1457 and 19176?
47
Calculate the highest common factor of 36163 and 58.
29
Calculate the highest common divisor of 163735 and 77.
11
What is the highest common divisor of 143118 and 27?
9
Calculate the greatest common factor of 68 and 22508.
68
What is the greatest common factor of 81920 and 40?
40
Calculate the highest common divisor of 496540 and 185.
185
Calculate the highest common divisor of 446040 and 924.
84
Calculate the greatest common factor of 135184 and 672.
112
Calculate the highest common divisor of 120 and 13880.
40
Calculate the highest common divisor of 4788 and 579880.
532
What is the highest common factor of 610839 and 402?
201
Calculate the greatest common divisor of 15561 and 46774.
91
What is the greatest common divisor of 1360 and 119272?
136
Calculate the highest common factor of 44 and 46772.
44
Calculate the highest common divisor of 5 and 4287140.
5
What is the highest common factor of 4905 and 61965?
45
What is the highest common divisor of 99593 and 10921?
163
Calculate the greatest common divisor of 2424 and 11211.
303
Calculate the highest common factor of 16214 and 2077.
67
Calculate the highest common divisor of 42121 and 2885.
577
What is the highest common factor of 1161 and 141804?
27
What is the greatest common divisor of 182 and 67354?
14
What is the highest common divisor of 126 and 2714964?
42
Calculate the greatest common divisor of 44 and 5698.
22
What is the greatest common divisor of 411 and 6727659?
411
What is the greatest common divisor of 3707 and 16533?
11
What is the highest common factor of 49931 and 32608?
1019
Calculate the greatest common divisor of 154 and 24374.
14
What is the highest common factor of 226759 and 247?
13
Calculate the greatest common divisor of 87709 and 278.
139
What is the greatest common factor of 112 and 383264?
112
What is the highest common divisor of 38304 and 1292?
76
Calculate the greatest common factor of 52692 and 48.
12
Calculate the highest common divisor of 135698 and 38.
38
Calculate the greatest common divisor of 1748 and 74727.
437
Calculate the greatest common divisor of 19402 and 10324.
178
What is the highest common divisor of 1072 and 16013?
67
What is the highest common factor of 260036 and 308?
28
What is the greatest common divisor of 158856 and 6?
6
Calculate the greatest common factor of 51300 and 1110.
30
What is the highest common factor of 110669 and 39?
13
What is the greatest common factor of 510568 and 152?
152
Calculate the greatest common factor of 4416 and 299.
23
What is the greatest common divisor of 3485 and 15725?
85
What is the highest common divisor of 35 and 676564?
7
What is the greatest common factor of 594 and 22140?
54
Calculate the highest common divisor of 1289589 and 21.
21
What is the highest common divisor of 300489 and 82?
41
Calculate the greatest common divisor of 32998 and 86.
2
What is the highest common divisor of 3024 and 9856?
112
What is the greatest common divisor of 1500 and 124?
4
Calculate the greatest common factor of 928 and 488.
8
What is the greatest common divisor of 270 and 1940?
10
What is the highest common divisor of 2494 and 59942?
86
What is the greatest common divisor of 12145 and 35?
35
Calculate the highest common factor of 67 and 119729.
67
What is the highest common divisor of 5580 and 49?
1
What is the highest common divisor of 46390 and 20?
10
Calculate the highest common factor of 287 and 25543.
287
Calculate the greatest common factor of 201977 and 88944.
1853
What is the highest common divisor of 791802 and 27918?
594
Calculate the greatest common divisor of 1828 and 74491.
457
Calculate the greatest common divisor of 70835 and 310.
155
Calculate the highest common factor of 1089003 and 131.
131
Calculate the highest common divisor of 283 and 36224.
283
What is the highest common factor of 292410 and 6669?
513
What is the highest common factor of 64467 and 17081?
551
What is the greatest common divisor of 518 and 994?
14
What is the greatest common divisor of 2814 and 1050?
42
Calculate the greatest common factor of 244 and 1727276.
244
What is the greatest common divisor of 70959 and 108237?
327
What is the highest common divisor of 780375 and 20250?
375
Calculate the greatest common factor of 532 and 1328936.
532
Calculate the highest common divisor of 